9
Let p(b) = -b**2 - 3*b - 2. What is p(5)?
-42
Let x(z) = z**3 - 8*z**2 - 20*z - 13. Calculate x(10).
-13
Let a(c) = -c**3 - 9*c**2 + 19*c - 21. Determine a(-10).
-111
Let c(a) = -2*a**2 + 3*a + 14. Determine c(4).
-6
Let u(l) = l**2 - 11*l + 20. Calculate u(2).
2
Let i(b) = -17*b - 6. Determine i(-1).
11
Let u(w) = -w**3 + 3*w**2 + 6*w + 7. Determine u(5).
-13
Let s(m) = -m**3 - 4*m**2 + 3*m + 7. Give s(-4).
-5
Let z(g) = -g**3 - g**2 + g - 1. Give z(0).
-1
Let i(h) = 3*h**2 + 8*h + 7. What is i(-6)?
67
Let k(t) = -t**3 - 2*t**2 - 2*t - 3. Determine k(-2).
1
Let c(s) = -s**3 - 5*s**2 + 7*s - 14. What is c(-6)?
-20
Let d(h) = h**3 - 18*h**2 - 20*h + 19. Give d(19).
0
Let y(o) = 2*o + 1. Determine y(4).
9
Let s(m) = -3*m**3 - 2*m**2 + m. Give s(-2).
14
Let m(w) = -44*w - 3. What is m(1)?
-47
Let w(d) = 9*d + 248. What is w(-29)?
-13
Let h(q) = -q**3 + 5*q**2 - 6*q + 3. Calculate h(3).
3
Let n(b) = -32*b + 1665. What is n(52)?
1
Let r(i) = 17*i + 118. Calculate r(-7).
-1
Let t(y) = -y**2 + 13*y + 16. Calculate t(14).
2
Let g(j) = 28*j + 306. Determine g(-11).
-2
Let r(p) = -p**2 + 22. What is r(5)?
-3
Let m(a) = -a**2 + 3. Give m(11).
-118
Let i(u) = -8*u**2 - 3*u - 1. What is i(-2)?
-27
Let r(s) = 9*s - 500. Determine r(55).
-5
Let q(n) = -n**2 + 12*n + 33. What is q(14)?
5
Let s(u) = -u + 3. Give s(5).
-2
Let h(x) = 5*x + 3. Give h(-2).
-7
Let w(j) = -2*j**2 - 8*j - 2. Determine w(-6).
-26
Let q(a) = -a - 5. Determine q(-15).
10
Let t(h) = -25*h - 8. Calculate t(-2).
42
Let c(t) = 6*t - 67. Give c(9).
-13
Let r(h) = 45*h - 85. Calculate r(2).
5
Let m(t) = t**3 + 23*t**2 + 44*t - 14. What is m(-21)?
-56
Let o(l) = -10*l**3 + 3*l**2 - 4*l + 5. Give o(2).
-71
Let v(g) = -8*g - 5. Determine v(2).
-21
Let v(o) = -22*o**3 + 1. Calculate v(-1).
23
Let a(p) = -p**3 + 22*p**2 + 2*p - 17. Give a(22).
27
Let c(d) = 2*d - 7. Determine c(5).
3
Let s(f) = 14*f - 61. Calculate s(-6).
-145
Let r(n) = n**2 + 9*n + 2. What is r(-10)?
12
Let z(o) = o**2 + 5*o + 2. Calculate z(-4).
-2
Let g(j) = 45*j + 486. Determine g(-11).
-9
Let x(v) = -84*v - 324. Give x(-4).
12
Let d(g) = -30*g - 397. Determine d(-13).
-7
Let v(r) = -17*r - 106. Determine v(-9).
47
Let l(q) = q**2 - 6*q - 3. What is l(4)?
-11
Let x(n) = -2*n + 83. Determine x(29).
25
Let g(a) = -2*a**2 + 8*a + 8. Determine g(5).
-2
Let m(c) = 2*c + 21. Calculate m(9).
39
Let t(w) = -w**2 + w. What is t(1)?
0
Let n(z) = -z**3 + 7*z**2 - 2*z + 6. Give n(4).
46
Let o(x) = 2*x + 7. Determine o(13).
33
Let p(w) = w + 17. Give p(-11).
6
Let n(x) = -20*x + 123. Calculate n(6).
3
Let j(q) = -3*q**2 + 12*q + 2. Calculate j(5).
-13
Let a(v) = -v**3 + 4*v**2 + 4*v + 12. Determine a(5).
7
Let f(b) = -b**3 + 6*b**2 - 3*b - 12. Give f(5).
-2
Let c(v) = v**3 - 40*v**2 + 109*v + 83. What is c(37)?
9
Let x(h) = h**3 + 5*h**2 - 5. What is x(-3)?
13
Let z(o) = -6*o - 9. Determine z(-2).
3
Let z(o) = -3*o - 22. Give z(-14).
20
Let a(v) = v**2 - 14*v + 4. Determine a(11).
-29
Let g(c) = -c**2 - 9*c - 2. What is g(-10)?
-12
Let h(v) = v**2 - 6*v - 2. Calculate h(6).
-2
Let m(s) = s**3 + 7*s**2 - 9*s - 11. Determine m(-7).
52
Let d(c) = 4*c + 21. Give d(-6).
-3
Let p(o) = o**3 + 50*o**2 - 55*o - 209. Give p(-51).
-5
Let u(b) = 2*b**2 - 1. Determine u(2).
7
Let c(z) = 3*z**3 + z**2 - z. Give c(1).
3
Let b(z) = z**3 + 10*z**2 + 20*z + 93. What is b(-9)?
-6
Let w(b) = 3*b + 6. Give w(-1).
3
Let m(r) = -3*r**2 + r + 4. Calculate m(-2).
-10
Let v(m) = m**3 + 3*m**2 - 5*m - 3. Give v(-5).
-28
Let c(s) = 3*s**2 - s + 12. What is c(0)?
12
Let v(h) = h**3 - 3*h**2 - 51*h + 185. Determine v(4).
-3
Let f(m) = -m + 2. What is f(-11)?
13
Let u(g) = -2*g - 21. What is u(-5)?
-11
Let d(p) = -p**2 - p + 3. What is d(-4)?
-9
Let h(d) = 134*d + 1081. What is h(-8)?
9
Let y(l) = -l**2 - 7*l - 5. Give y(-6).
1
Let a(l) = -l**3 - 12*l**2 + 24*l - 60. Give a(-14).
-4
Let m(u) = 3*u + 3. What is m(-5)?
-12
Let j(i) = 3*i - 18. Determine j(6).
0
Let p(y) = 5*y**2 - 2*y. Determine p(2).
16
Let n(g) = 3*g + 81. Determine n(-26).
3
Let z(t) = t**3 + 35*t**2 + 16. What is z(-35)?
16
Let z(r) = -r**3 + r**2 + r - 55. Calculate z(0).
-55
Let n(c) = -3*c**2 - c - 1. What is n(1)?
-5
Let j(s) = 28*s + 2128. Give j(-76).
0
Let d(o) = -o**2 - 11*o + 8. What is d(-11)?
8
Let p(z) = 3*z**2 - 2*z + 1. What is p(2)?
9
Let j(y) = 10*y + 137. What is j(-14)?
-3
Let y(v) = 5*v - 38. Determine y(-7).
-73
Let l(m) = 3*m**2 - 8*m + 6. Determine l(2).
2
Let b(f) = -f + 5. Calculate b(-1).
6
Let g(y) = 13*y**3 - 1. Calculate g(1).
12
Let s(a) = -a**3 + 9*a**2 + 10*a - 3. What is s(10)?
-3
Let v(f) = -f**3 + 2*f**2 - 2. Determine v(5).
-77
Let o(a) = a**3 - 6*a**2 + 8*a - 13. Determine o(6).
35
Let c(j) = j - 35. Determine c(16).
-19
Let p(v) = 6*v + 4. Give p(-6).
-32
Let r(d) = -6*d + 87. Determine r(16).
-9
Let c(q) = -35*q - 19. Determine c(-1).
16
Let p(g) = -g**3 - 5*g**2 + 2*g - 9. Give p(-6).
15
Let y(q) = -5*q**2 - 6*q + 12. Give y(2).
-20
Let c(n) = 9*n**2 - 2*n + 2. What is c(-2)?
42
Let z(v) = v**2 - v - 54. Determine z(-6).
-12
Let b(z) = z**3 + z**2 - z + 2. What is b(0)?
2
Let w(l) = -5*l + 96. Determine w(20).
-4
Let i(x) = -x + 12. Calculate i(7).
5
Let u(o) = o**3 + 7*o**2 + 12*o + 1. What is u(-3)?
1
Let k(a) = -a**2 - 9*a - 2. Give k(-4).
18
Let b(d) = -d**3 - 5*d**2 + 6*d - 7. What is b(3)?
-61
Let c(g) = -g + 35. Determine c(0).
35
Let x(o) = o**2 - 9*o - 21. What is x(10)?
-11
Let n(d) = 3*d**3 + 4*d - 3. Determine n(2).
29
Let c(h) = 22*h + 1. What is c(1)?
23
Let b(o) = o**3 - 13*o**2 - 14*o + 2. Determine b(14).
2
Let l(y) = -y**3 - 3*y**2 - 4*y + 2. Give l(-2).
6
Let y(x) = -x**3 + 10*x**2 - 9*x + 16. What is y(9)?
16
Let p(v) = v**2 + 7*v + 4. What is p(-5)?
-6
Let v(m) = m**3 + 6*m**2 - 7*m + 4. Give v(-7).
4
Let n(z) = -z**2 - 12*z - 27. Give n(-10).
-7
Let p(q) = -q**3 - 6*q**2 + 5*q - 7. Give p(-5).
-57
Let w(t) = 14*t + 28. Give w(-2).
0
Let w(g) = g**3 + 6*g**2 - g - 18. Determine w(-4).
18
Let k(s) = 91*s**2 + 4*s + 3. Give k(-1).
90
Let a(l) = -l**3 + 6*l**2 - l + 12. What is a(6)?
6
Let s(t) = -t**3 + 10*t**2 - 2*t + 1. What is s(10)?
-19
Let z(s) = -16*s - 58. Determine z(-4).
6
Let c(j) = j**3 - 7*j**2 + 4*j - 22. What is c(7)?
6
Let l(s) = 2*s**3 + 8*s**2 + 13*s - 1. What is l(-2)?
-11
Let z(w) = -w**3 + 3*w**2 - 4*w + 5. Calculate z(2).
1
Let f(a) = -99*a - 5. Calculate f(1).
-104
Let d(m) = -m**3 - 3*m**2 - 3. Determine d(-2).
-7
Let i(j) = -21*j**2 + 6*j - 4. Determine i(1).
-19
Let d(c) = c**2 - 19*c + 7. Calculate d(19).
7
Let d(x) = 8*x**3 + 2*x**2 - x. Determine d(1).
9
Let v(b) = 34*b - 309. What is v(9)?
-3
Let y(i) = -i**3 - 6*i**2 - 6*i - 7. Determine y(-5).
-2
Let y(c) = -c**3 + 20*c**2 + 26*c + 21. Give y(21).
126
Let n(r) = -2*r**3 - 10*r**2 + 4*r + 4. Determine n(-5).
-16
Let p(l) = -3*l**2 - 45*l + 468. Calculate p(7).
6
Let x(w) = -w**3 + 3*w**2 - 2*w - 8. Calculate x(2).
-8
Let l(r) = -r**3 - 10*r**2 - 21*r - 10. Determine l(-9).
98
Let v(x) = 7*x - 152. Determine v(25).
23
Let n(d) = 9*d + 13. Give n(-2).
-5
Let w(v) = v**3 - 8*v**2 - v + 5. What is w(8)?
-3
Let b(n) = n + 24. Calculate b(22).
46
Let d(l) = -3*l - 127. Calculate d(-45).
8
Let t(u) = -2*u**2 + 8*u. Calculate t(4).
0
Let z(v) = 10*v**2 + 73*v + 23. Calculate z(-7).
2
Let m(o) = -5*o + 8. Determine m(-7).
43
Let w(g) = -g**3 + 11*g**2 - 2*g + 13. Calculate w(11).
-9
Let k(z) = -z**2 + 3*z + 50. Calculate k(16).
-158
Let w(u) = -u**3 + 11*u**2 - 27*u. What is w(8)?
-24
Let z(c) = -11*c - 14. What is z(10)?
-124
Let g(w) = 19*w + 77. Calculate g(-4).
1
Let c(d) = -d**3 + 13*d**2 + 6. Calculate c(13).
6
Let l(g) = g**3 + 10*g**2 - 13*g - 22. Give l(-11).
0
Let x(j) = 2*j**2 + 6*j + 13. Determine x(-2).
9
Let f(l) = -3*l**3 + 2*l - 1. What is f(-2)?
19
Let h(v) = 6*v + 10. What is h(-4)?
-14
Let n(f) = 19*f + 124. What is n(-7)?
-9
Let q(o) = 7*o - 71. What is q(0)?
-71
Let u(s) = 2*s**3 - 6*s**2 + 5*s. Calculate u(3).
15
Let b(h) = -2*h**2 - 16*h - 1. Determine b(-8).
-1
Let x(p) = p**3 + 8*p**2 + 9*p + 22. What is x(-7)?
8
Let z(i) = -i - 4. Calculate z(-4).
0
Let u(g) = -g**2 - 3*g + 15. Calculate u(-6).
-3
Let z(c) = 17*c**2 + c - 4. Calculate z(-2).
62
Let l(g) = g**3 - 12*g**2 + 15*g - 7. Give l(4).
-75
Let o(q) = 2*q**2 + 11*q - 9. What is o(-7)?